
What are the prime factors of 490962?
2, 3, 47, 1741
What are the prime factors of 2545180?
2, 5, 11, 23, 503
List the prime factors of 2148860.
2, 5, 7, 15349
What are the prime factors of 700890?
2, 3, 5, 61, 383
What are the prime factors of 433918?
2, 23, 9433
List the prime factors of 18669581.
7, 263, 10141
List the prime factors of 30390670.
2, 5, 47, 64661
List the prime factors of 731177.
19, 29, 1327
What are the prime factors of 3183098?
2, 29, 54881
What are the prime factors of 3262?
2, 7, 233
List the prime factors of 16711105.
5, 29, 115249
List the prime factors of 1127932.
2, 13, 109, 199
List the prime factors of 6777507.
3, 11, 59
What are the prime factors of 722199?
3, 240733
What are the prime factors of 16047270?
2, 3, 5, 37, 61, 79
List the prime factors of 115943.
23, 71
What are the prime factors of 1771690?
2, 5, 23, 7703
What are the prime factors of 468848?
2, 29303
List the prime factors of 35137984.
2, 7, 41, 1913
What are the prime factors of 30661264?
2, 109, 17581
What are the prime factors of 4104?
2, 3, 19
List the prime factors of 2238.
2, 3, 373
What are the prime factors of 177681?
3, 7, 8461
List the prime factors of 1102359.
3, 367453
What are the prime factors of 993659?
607, 1637
List the prime factors of 26598.
2, 3, 11, 13, 31
List the prime factors of 469956.
2, 3, 39163
List the prime factors of 31896386.
2, 17, 938129
What are the prime factors of 303561?
3, 11243
What are the prime factors of 3911659?
379, 10321
What are the prime factors of 836249?
61, 13709
What are the prime factors of 21810?
2, 3, 5, 727
What are the prime factors of 272090?
2, 5, 7, 13, 23
What are the prime factors of 1810139?
67, 27017
List the prime factors of 27702208.
2, 432847
List the prime factors of 2811724.
2, 29, 24239
What are the prime factors of 1889026?
2, 53, 71, 251
What are the prime factors of 23398616?
2, 2924827
List the prime factors of 1784234.
2, 199, 4483
What are the prime factors of 13742911?
7, 13, 11617
What are the prime factors of 3421686?
2, 3, 37, 15413
What are the prime factors of 46644?
2, 3, 13, 23
What are the prime factors of 5168608?
2, 19, 8501
What are the prime factors of 1823783?
13, 53, 2647
List the prime factors of 1033896.
2, 3, 23, 1873
List the prime factors of 3739035.
3, 5, 37, 6737
List the prime factors of 3109593.
3, 1036531
List the prime factors of 16986189.
3, 11, 514733
What are the prime factors of 1141819?
7, 163117
List the prime factors of 187075.
5, 7, 1069
What are the prime factors of 1668257?
19, 87803
What are the prime factors of 12304259?
11, 1118569
What are the prime factors of 710969?
7, 47, 2161
What are the prime factors of 257932?
2, 64483
List the prime factors of 1128069.
3, 17, 73, 101
List the prime factors of 6550202.
2, 17, 47, 4099
What are the prime factors of 1373557?
1373557
What are the prime factors of 208489?
208489
List the prime factors of 8870527.
71, 101, 1237
What are the prime factors of 2011848?
2, 3, 17, 4931
What are the prime factors of 2184132?
2, 3, 182011
What are the prime factors of 1810307?
23, 31, 2539
List the prime factors of 36760.
2, 5, 919
What are the prime factors of 1065356?
2, 17, 15667
What are the prime factors of 9048066?
2, 3, 19, 139, 571
What are the prime factors of 1199075?
5, 47963
List the prime factors of 484881.
3, 161627
What are the prime factors of 11985937?
11985937
List the prime factors of 5128254.
2, 3, 17, 16759
List the prime factors of 1558196.
2, 79, 4931
What are the prime factors of 1676107?
239, 7013
List the prime factors of 7565124.
2, 3, 7, 113, 797
What are the prime factors of 1935190?
2, 5, 431, 449
What are the prime factors of 1182888?
2, 3, 7, 2347
What are the prime factors of 3093583?
31, 99793
What are the prime factors of 385834?
2, 192917
What are the prime factors of 5653793?
59, 79, 1213
What are the prime factors of 2195915?
5, 439183
List the prime factors of 278747.
7, 39821
List the prime factors of 3676427.
503, 7309
List the prime factors of 275441.
53, 5197
List the prime factors of 4718643.
3, 53, 59, 503
What are the prime factors of 6723177?
3, 17, 241, 547
What are the prime factors of 2109265?
5, 97, 4349
List the prime factors of 13988181.
3, 263, 17729
List the prime factors of 130878.
2, 3, 11, 661
List the prime factors of 17673110.
2, 5, 7, 13, 19421
List the prime factors of 10191107.
277, 36791
List the prime factors of 1228484.
2, 307121
What are the prime factors of 302202?
2, 3, 103, 163
What are the prime factors of 115398?
2, 3, 2137
List the prime factors of 16870464.
2, 3, 13, 751
List the prime factors of 870287.
11, 61, 1297
What are the prime factors of 719079?
3, 281, 853
List the prime factors of 2255211.
3, 7, 35797
List the prime factors of 1376095.
5, 7, 39317
List the prime factors of 232.
2, 29
What are the prime factors of 969660?
2, 3, 5, 5387
List the prime factors of 2172749.
239, 9091
List the prime factors of 243952.
2, 79, 193
What are the prime factors of 11517905?
5, 7, 329083
What are the prime factors of 2985116?
2, 73, 10223
List the prime factors of 23872816.
2, 11, 19, 59
List the prime factors of 142820.
2, 5, 37, 193
What are the prime factors of 3357889?
19, 31, 5701
List the prime factors of 2224743.
3, 137, 5413
What are the prime factors of 2846827?
19, 269, 557
What are the prime factors of 8237487?
3, 2745829
List the prime factors of 6713403.
3, 19, 117779
What are the prime factors of 148195?
5, 107, 277
What are the prime factors of 9113?
13, 701
List the prime factors of 531170.
2, 5, 53117
List the prime factors of 683677.
19, 35983
What are the prime factors of 10653977?
10653977
What are the prime factors of 971598?
2, 3, 83, 1951
What are the prime factors of 315291?
3, 105097
List the prime factors of 44913.
3, 11, 1361
List the prime factors of 841946.
2, 7, 60139
List the prime factors of 72542.
2, 19, 23, 83
What are the prime factors of 1731162?
2, 3, 288527
List the prime factors of 746614.
2, 11, 33937
List the prime factors of 23781794.
2, 73, 162889
What are the prime factors of 11640686?
2, 31, 191, 983
What are the prime factors of 2318846?
2, 1159423
What are the prime factors of 3245595?
3, 5, 216373
List the prime factors of 73887.
3, 11, 2239
What are the prime factors of 3343781?
7, 17, 28099
List the prime factors of 716478.
2, 3, 7, 2437
What are the prime factors of 13296799?
31, 53, 8093
What are the prime factors of 15442?
2, 7, 1103
List the prime factors of 1305766.
2, 7, 11, 61, 139
What are the prime factors of 269974?
2, 23, 5869
List the prime factors of 4975283.
19, 31, 8447
List the prime factors of 4728634.
2, 2364317
List the prime factors of 17952.
2, 3, 11, 17
List the prime factors of 15970.
2, 5, 1597
List the prime factors of 1961098.
2, 980549
What are the prime factors of 7284231?
3, 809359
What are the prime factors of 339173?
339173
What are the prime factors of 8155972?
2, 11, 185363
What are the prime factors of 1288596?
2, 3, 73, 1471
List the prime factors of 679623.
3, 7, 32363
List the prime factors of 7835754.
2, 3, 1305959
List the prime factors of 7451304.
2, 3, 7, 17, 2609
What are the prime factors of 20872069?
127, 149, 1103
What are the prime factors of 1755056?
2, 229, 479
List the prime factors of 7866793.
11, 41, 17443
List the prime factors of 129160.
2, 5, 3229
List the prime factors of 2205150.
2, 3, 5, 61, 241
What are the prime factors of 948760?
2, 5, 23719
What are the prime factors of 12531551?
3533, 3547
List the prime factors of 7020826.
2, 3510413
What are the prime factors of 770905?
5, 154181
List the prime factors of 3199245.
3, 5, 7, 30469
List the prime factors of 786817.
103, 7639
What are the prime factors of 3338561?
109, 281
What are the prime factors of 429933?
3, 7, 59, 347
What are the prime factors of 22670437?
751, 30187
List the prime factors of 281164.
2, 13, 5407
What are the prime factors of 320407?
373, 859
List the prime factors of 1194399.
3, 31, 1427
List the prime factors of 181706.
2, 7, 12979
What are the prime factors of 1904679?
3, 7, 617
List the prime factors of 125528.
2, 13, 17, 71
What are the prime factors of 637513?
637513
List the prime factors of 31692015.
3, 5, 739, 953
What are the prime factors 